 of w and 28.
28
Let p be 4/(-18) + 1079/117. Let o = -113 - -158. Calculate the greatest common divisor of o and p.
9
Let w be ((-14)/(-21) - -3)*279. What is the greatest common factor of w and 93?
93
Suppose -h - 3*q = 14, -3*h = 6*q - 2*q + 42. Let m = -12 - h. Suppose m*f - 27 = 5*l, 3*l = -1 - 14. What is the greatest common divisor of 4 and f?
1
Let a be 118/12 - 5/(-30). Let j be 16/40 - (-166)/a. Let m = j - 8. What is the greatest common factor of 9 and m?
9
Let k = -184 + 199. Calculate the highest common factor of k and 30.
15
Suppose 511 = 2*d + 499. Let s be 1/2 - (-9)/2. Suppose s*v + 3*t + 2*t = 205, -3*t = 2*v - 81. What is the greatest common factor of v and d?
6
Suppose -312 = 5*y - 2*m, -4*y - 114 = 4*m + 130. Let t = y + 86. Calculate the highest common factor of 8 and t.
8
Suppose 14*z = 18*z + 80. Let r be z/(((-1)/(-2))/((-3)/6)). What is the greatest common factor of 20 and r?
20
Let m(r) = 12*r + 977. Let j be m(-81). Let b(v) = -8*v + 2. Let t be b(-6). Calculate the greatest common factor of t and j.
5
Let d(v) = -v**2 - 16*v - 16. Let p(s) = -s**3 + 7*s**2 - 7*s - 7. Let f be p(6). Let w be d(f). Calculate the greatest common factor of w and 207.
23
Let x = -300 + 304. Calculate the greatest common factor of 68 and x.
4
Let i(b) be the first derivative of 6*b**2 - 7*b + 12. Let s be i(2). What is the highest common factor of 119 and s?
17
Let d(t) = -61*t + 54. Let o be d(-6). Calculate the highest common divisor of 735 and o.
105
Let f(u) = 2*u**2 + 25*u + 131. Let c be f(-13). Calculate the greatest common divisor of c and 36.
36
Let r(w) = 11*w**2 + 44*w - 341. Let p be r(9). What is the greatest common factor of 22 and p?
22
Let o(v) = 2*v**3 - 3*v**3 + 22 + 17*v + 11*v**2 - 2. Let h be o(12). Calculate the greatest common divisor of 10 and h.
10
Let l be (1/((-7)/(-182)))/2. Calculate the highest common divisor of 793 and l.
13
Let k be 325/(-10)*(-708)/10. What is the greatest common factor of 39 and k?
39
Let o(v) be the first derivative of v**3/3 + 3*v**2/2 - 8*v + 6. Let r be o(-5). What is the greatest common factor of 3 and r?
1
Suppose -2*n + 5*x = -7, -3*n + 2*x + 43 = x. Let g(w) = -w**2 + 3*w - 1. Let o be g(2). Suppose -9 - o = -5*k. What is the greatest common divisor of k and n?
2
Let f(h) = -h**3 - 3*h**2 - 2*h - 9. Let o be f(-4). Suppose 3*n = d - 14, 0 = 5*n - 0 + o. What is the highest common divisor of d and 20?
5
Suppose -36 = 7*i - 16*i. Suppose -3*d - 4*v = -640, 772 = i*d - 2*v - 96. Calculate the greatest common factor of d and 24.
24
Let f be (-3 - -4)/((-4)/(-316)). Let p = f + -56. What is the highest common divisor of 115 and p?
23
Let u(o) = o**2 - 3*o - 9. Let v be u(5). Let t be v - -10 - 6/(-4 - -6). Let i be 16*(22/4)/1. What is the highest common divisor of t and i?
8
Let u be -1*(-11 - (-6)/12*-4). Let z be 207 - (4 - 3)*-1. What is the greatest common factor of u and z?
13
Suppose -a = -3*z + 260, 132 = 3*z + 3*a - 132. Suppose -v + 133 = 3*r + r, 3*r + 5*v = z. What is the greatest common divisor of r and 306?
34
Let o be ((-2)/3)/((-4)/6). Let r = -529 + 533. Let s be (r - 3)*(o + 24). What is the greatest common divisor of s and 200?
25
Let w = -44 - -54. Suppose 0 = -t + w + 2. What is the highest common factor of 8 and t?
4
Suppose 2*k + 3*k - 125 = 4*q, -3*q + 69 = 4*k. Let u = -18 + k. Suppose 2*d - 4*h = 2, 0 = 2*d - 6*d - 5*h + 56. What is the highest common divisor of u and d?
3
Let t = -250 - -253. Calculate the highest common factor of 9 and t.
3
Let t = -29 + 40. Let z = -7 + t. Let c be (-495)/(-60) + -1 + 3/4. Calculate the greatest common factor of z and c.
4
Suppose 3*q = -4*j + 421, 0 = -2*q - q - 2*j + 425. Suppose 62*h + 364 = 76*h. What is the highest common divisor of q and h?
13
Let f be ((-16)/((-8)/2))/2*-2. Let c be f + (2 - (-2 + -225)). What is the greatest common divisor of 25 and c?
25
Let z(n) = -n + 349. Let t be z(0). Let g = t - 245. Suppose 3*v - 130 = -2*v. Calculate the greatest common factor of v and g.
26
Suppose 4*y - 121 = -9. Suppose -23*m + y*m - 70 = 0. Let f = -132 + 230. What is the greatest common divisor of m and f?
14
Suppose q = 2742 - 2662. What is the greatest common divisor of 15 and q?
5
Suppose 5*t + 3*q + 12 = 0, -2*q + 0 = -2*t + 8. Suppose -3*o + t*o = -4*g + 68, -48 = -2*g - 2*o. What is the greatest common factor of 4 and g?
4
Let c(i) = -i**3 - 12*i**2 + 14*i - 17. Let p be c(-13). Let t = p - -37. What is the greatest common factor of t and 35?
7
Let z = 496 + -377. Calculate the greatest common factor of z and 21.
7
Suppose -s + 53 = 5*i - 187, 2*i = -5*s + 1108. Suppose -19*w = -18*w - s. Calculate the highest common divisor of 20 and w.
20
Let m(n) = -n**2 + 15*n - 27. Let t be m(11). Suppose 76 = -t*l + 21*l. Calculate the greatest common factor of l and 152.
19
Let t = 293 - 181. Let u be 776/30 + (-8)/(-60). Suppose -4*g - u = -82. What is the highest common factor of g and t?
14
Let i = 190 - 183. Calculate the highest common factor of 35 and i.
7
Suppose 0 = 4*r + 4*i - 6 + 2, 12 = 5*r - 2*i. Suppose -69 = -3*m - 2*h, 2*m + r*h - 46 = -h. What is the highest common divisor of m and 46?
23
Let n = 39 - 30. Suppose 3*w = -4*t + 115, -7*t - 105 = -2*w - 4*t. Calculate the greatest common factor of n and w.
9
Let k(r) = 3*r - 24. Let l be k(9). Suppose -5*u + l*v + 453 = 0, -v + 216 + 53 = 3*u. What is the highest common divisor of 10 and u?
10
Suppose 4*s - s = -2*a + 182, -119 = -2*s + a. Let z = 3638 + -3614. What is the highest common factor of s and z?
12
Let s = 81 - 25. Let w be 1/(-4) + (-9)/(-4). Suppose -2*v - 3*i + 23 = 0, -2 = -0*v - w*v + 4*i. Calculate the greatest common factor of v and s.
7
Suppose 0 = -239*p + 238*p + 345. What is the greatest common factor of 23 and p?
23
Suppose 43*s - 39*s - 1408 = 0. Suppose 2*z = -0*x - 2*x + 54, 0 = -x + 2*z + 42. Calculate the highest common divisor of s and x.
32
Suppose -5*b = -2*u - 5, 3*b - 1 = 2*u - 2. Let n(o) = 2*o - o**2 - 3 + 7*o**2 + 0. Let l be n(b). What is the highest common factor of l and 19?
19
Let h = 62 + -32. What is the highest common divisor of h and 45?
15
Let d be 1974/15 + 4/10. Suppose -10*t = -13*t + d. Let h(c) = -9*c - 6. Let o be h(-8). What is the greatest common factor of o and t?
22
Suppose 3*a - 39 = -w, 4*w - 8*a + 6*a = 86. Suppose 10 = -2*r + 58. Suppose 0 = 5*m - r - 16. What is the greatest common divisor of m and w?
8
Let t be (378/56)/(2/8). Suppose -2*u + 10 = -0, 0 = 3*i - 3*u + 27. Let k be i/10 + 94/10. What is the greatest common divisor of t and k?
9
Let j(q) = 2*q**2 + 23*q + 14. Let k be j(-8). Let c = k + 154. Suppose -31 - 17 = -3*m. What is the greatest common divisor of c and m?
16
Let g(x) = 15*x**2 + x - 2. Let a be g(1). Suppose v - 4 = 3*v. Let w = a - v. What is the greatest common divisor of 48 and w?
16
Let f be 14529/15 - (-40)/100. What is the highest common factor of f and 204?
51
Let u = -311 - -543. Suppose -y - 52 + 81 = 0. What is the greatest common divisor of y and u?
29
Suppose -27 = -3*y + 3*v, 0*v = 3*y - v - 27. Let m be (1 + -3)*1 + 5. What is the highest common factor of m and y?
3
Let y(g) = -g**3 + 2*g**2 + 5*g - 2. Let c = 12 - 9. Let o be y(c). Suppose 0 = -l + o, 0 = 3*s + 2*l - 56. What is the greatest common divisor of s and 112?
16
Suppose 4*j + 522 = 702. Calculate the greatest common divisor of j and 75.
15
Let r = -46 - -82. Let t be (-1)/(((-2)/10)/1). Suppose -t*o + 2*c + r = -32, 5*o - 4*c = 66. Calculate the greatest common divisor of o and 14.
14
Let f be 12*(2/8)/1. Suppose -8*w + 4*w + 114 = -3*u, -2*w + 64 = -5*u. Suppose h - w = -0*h. What is the highest common factor of f and h?
3
Let i(w) = -10*w - 20. Let x be i(-8). What is the greatest common factor of 45 and x?
15
Let x = 41 - 45. Let k = 22 + x. Suppose l = 2 - 0. What is the greatest common factor of l and k?
2
Suppose 6541 = -45*s + 35566. Calculate the highest common divisor of s and 15.
15
Let a(z) = 17*z**3 - 4*z**2 + 4*z - 39. Let i be a(4). Calculate the greatest common divisor of i and 231.
77
Let r = -42 + 57. Calculate the greatest common divisor of r and 255.
15
Let o = 706 - 694. What is the greatest common divisor of 12 and o?
12
Suppose -5*q - 5*v = -950, 2*q - q + 2*v = 191. What is t